vert 739c (base 13) to base 15.
4b2a
Convert 31005012 (base 6) to base 13.
250ca3
Convert -4f2912 (base 16) to base 4.
-103302210102
What is -34251606 (base 7) in base 2?
-1011011001010111011111
What is -2021220133 (base 5) in base 4?
-33211132210
What is 24144524 (base 8) in base 9?
10858518
26564550 (base 7) to base 4
21112321101
Convert 70504 (base 10) to base 8.
211550
Convert 4435466 (base 10) to base 4.
100322320022
Convert 516388 (base 10) to base 8.
1760444
70429a (base 11) to base 15
175aa7
5cd9a (base 15) to base 9
501881
Convert -253123 (base 6) to base 12.
-111a3
What is -122304 (base 10) in base 2?
-11101110111000000
-51533000 (base 6) to base 14
-2aacac
What is -1a29933 (base 11) in base 8?
-15040311
What is -404435024 (base 6) in base 16?
-69e9f8
What is -5090856 (base 10) in base 14?
-9673a8
Convert -5b16 (base 14) to base 16.
-3e18
What is -3432134 (base 5) in base 13?
-22022
Convert 11100010011100010 (base 2) to base 11.
7a119
What is 641042 (base 9) in base 13?
104732
-100101000101001101111 (base 2) to base 13
-3370b3
Convert c4f9 (base 16) to base 4.
30103321
-112321131000 (base 4) to base 6
-332353200
What is 2c5350 (base 15) in base 11?
12347a8
1001001111000000110100 (base 2) to base 7
26401456
What is 203023010 (base 4) in base 7?
1140011
Convert -213101 (base 8) to base 9.
-117637
What is -23456765 (base 8) in base 15?
-6b6b0b
What is 90926 (base 12) in base 13?
67719
-10033143314 (base 5) to base 15
-d389c4
Convert 153331400 (base 6) to base 12.
1106b60
-318634 (base 10) to base 13
-b2054
-223103 (base 4) to base 9
-3718
22395f (base 16) to base 4
20203211133
aa59 (base 12) to base 3
221202220
-503413 (base 6) to base 16
-9b01
What is -a6a3c (base 13) in base 15?
-5e0a8
What is 2625138 (base 10) in base 16?
280e72
-1021597 (base 10) to base 8
-3713235
100111001111110100010010 (base 2) to base 7
153310225
What is -38d8c (base 14) in base 16?
-22260
Convert 301011 (base 4) to base 15.
de6
What is 403351 (base 9) in base 2?
111010010001010000
Convert 6a6076 (base 12) to base 11.
a693a2
What is 1389374 (base 10) in base 13?
39851c
Convert -69a94 (base 14) to base 7.
-2121044
What is -25d98 (base 14) in base 8?
-266062
What is 220148 (base 12) in base 8?
2035310
Convert -35a6a (base 12) to base 7.
-420664
-2959072 (base 11) to base 14
-962752
Convert -163506 (base 7) to base 13.
-11a36
What is 61c42 (base 13) in base 11?
10aa68
Convert 328782 (base 9) to base 15.
3d462
Convert 104a396 (base 13) to base 9.
10304760
Convert -1000110000000011101 (base 2) to base 15.
-59e69
2214010 (base 6) to base 5
12023110
What is 112110210212 (base 3) in base 14?
75b80
What is 11101001100110011001111 (base 2) in base 10?
7654607
1410266 (base 7) to base 3
100112002122
-6051602 (base 7) to base 4
-2233123022
34202042 (base 5) to base 14
7c7d3
Convert be412 (base 15) to base 8.
2235562
What is -23441110 (base 5) in base 13?
-7847a
Convert -62208 (base 13) to base 7.
-1332300
-2200466 (base 8) to base 13
-1787bc
What is 79773 (base 11) in base 14?
300a5
What is 9242a82 (base 11) in base 4?
332102133211
Convert -130515 (base 6) to base 12.
-6a3b
11326 (base 13) to base 14
b597
Convert -50521 (base 10) to base 16.
-c559
-184505 (base 10) to base 13
-65c99
434116 (base 8) to base 11
9a340
Convert -40b842 (base 12) to base 13.
-297314
-100100100001100 (base 2) to base 8
-44414
What is -3231665 (base 9) in base 3?
-10021001202012
What is 323220101 (base 4) in base 10?
244241
What is -384577 (base 13) in base 11?
-843940
What is 1045653 (base 8) in base 16?
44bab
-641651 (base 7) to base 13
-3b768
Convert 3324191 (base 12) to base 8.
45150775
What is 11001001111101110111 (base 2) in base 8?
3117567
Convert -74899 (base 12) to base 13.
-54a3b
Convert -1001110101100001010 (base 2) to base 11.
-200183
-3052530 (base 6) to base 13
-51c39
Convert -8a5005 (base 11) to base 3.
-2201020100002
-11754 (base 16) to base 5
-4242013
-111030132 (base 4) to base 9
-142070
What is -5d059 (base 16) in base 11?
-24029a
Convert 929706 (base 11) to base 5.
340212243
Convert -a8b16a (base 14) to base 7.
-66404563
Convert 221401 (base 6) to base 5.
1043010
Convert -101233212 (base 4) to base 7.
-421614
What is 112176 (base 8) in base 6?
451554
Convert -536507 (base 10) to base 6.
-15255455
Convert -30234244 (base 6) to base 8.
-3220064
1343322411 (base 5) to base 3
20120120201122
Convert -14050ba (base 12) to base 3.
-21111201101021
What is 3221034000 (base 5) in base 16?
67fc9b
Convert 225a97 (base 12) to base 6.
15435111
Convert 12022406 (base 8) to base 10.
2630918
What is -16661 (base 9) in base 3?
-120202001
What is 421680 (base 11) in base 4?
2210330233
Convert -220526 (base 7) to base 2.
-1001011100011001
Convert -1020a (base 14) to base 13.
-14890
What is 30744464 (base 8) in base 6?
352055444
Convert 1111327 (base 10) to base 13.
2cbab9
What is 12a061 (base 13) in base 3?
211212220212
What is 168488b (base 12) in base 10?
4653035
Convert -330344433 (base 5) to base 13.
-3a89c1
-10101011011101000 (base 2) to base 15
-1b024
What is 263641 (base 7) in base 5?
3034442
What is 6a75aa (base 11) in base 2?
100010010000111000110
Convert 12002020222222 (base 3) to base 8.
12234551
Convert 3ea6a (base 15) to base 5.
22421400
Convert -d81bbc (base 15) to base 16.
-9ce796
-1100101001101 (base 2) to base 6
-45553
Convert 21541 (base 12) to base 8.
125701
Convert 48aac2 (base 15) to base 3.
20112201212002
4024212223 (base 5) to base 16
7aa826
-10ccd (base 14) to base 12
-1b845
-5652346 (base 8) to base 5
-342412222
What is 1d6a4 (base 15) in base 5?
11033004
-10011101110011101 (base 2) to base 13
-2aa12
-2431242143 (base 5) to base 9
-11700050
What is -461314 (base 7) in base 8?
-240327
What is -363216 (base 12) in base 3?
-1122112012100
Convert -13908c (base 13) to base 2.
-1110100011011000001
What is 11201 (base 10) in base 2?
10101111000001
Convert -88ac0 (base 13) to base 14.
-664bc
What is -113022302 (base 4) in base 9?
-154152
Convert -12037735 (base 8) to base 3.
-11222000100220
Convert 11132213112 (base 4) to base 7.
15130635
-87b5e (base 16) to base 7
-4503420
1300033223 (base 4) to base 15
91355
What is cc1f (base 16) in base 14?
15087
What is -1011001011011010101111 (base 2) in base 7?
-33623204
-4575435 (base 9) to base 12
-9b1b35
What is -5993392 (base 11) in base 13?
-22186a5
Convert -bb959 (base 12) to base 5.
-30422334
Convert 1223562 (base 7) to base 10.
157383
-260633 (base 8) to base 4
-112012123
What is -7c20 (base 14) in base 16?
-5454
Convert 230582 (base 12) to base 8.
2107062
-215620 (base 10) to base 16
-34a44
Convert 7354a (base 13) to base 12.
a0055
108024 (base 12) to base 16
4021c
What is -208485 (base 10) in base 7?
-1525554
Convert -324162 (base 8) to base 2.
-11010100001110010
Convert 3aed0 (base 15) to base 7.
1414635
What is -2657340 (base 8) in base 11?
-469960
-10101011011101010 (base 2) to base 15
-1b026
Convert -12a897 (base 11) to base 4.
-301332231
What is -11000001000000111 (base 2) in base 10?
-98823
-166ab5 (base 12) to base 8
-1360251
What is -566075 (base 14) in base 10?
-2936183
Convert 122505413 (base 7) to base 9.
15485778
Convert 1312023211 (base 4) to base 15.
98664
Convert 17ee (base 16) to base 15.
1c36
-2313322 (base 8) to base 5
-130102214
What is -17035760 (base 8) in base 13?
-a82a02
5611735 (base 9) to base 7
34443611
4bc6a (base 16) to base 15
61e6d
18998 (base 15) to base 8
233661
Convert 255641 (base 7) to base 11.
32895
What is 3937636 (base 10) in base 7?
45316663
Convert 41042524 (base 7) to base 2.
1101000011100010100110
Convert 23230030312 (base 4) to base 10.
3064630
22022120010 (base 3) to base 15
33789
What is -4732d (base 14) in base 16?
-2a5bd
Convert -1015720 (base 10) to base 14.
-1c6236
-101010000011110000 (base 2) to base 11
-108481
What is 4401100 (base 5) in base 3?
10211002100
415a (base 16) to base 5
1013410
3a48313 (base 11) to base 13
15aba32
3340615 (base 7) to base 8
1447136
What is d22d (base 14) in base 6?
435053
Convert 703c6a (base 15) to base 10.
5328550
What is 7375634 (base 8) in base 10?
1964956
What is -22201012 (base 5) in base 14?
-5092a
Convert 464111 (base 7) to base 13.
2ba66
25121234 (base 6) to base 10
803830
111111001011111011 (base 2) to base 8
771373
-51453205 (base 6) to